ue
Is 55267 composite?
True
Is 32749 composite?
False
Is 9115 a prime number?
False
Is 55987 a composite number?
False
Is 125483 a prime number?
False
Is 6899 a composite number?
False
Is 168289 a prime number?
False
Is 1036027 a composite number?
False
Is 98317 prime?
True
Is 4169 composite?
True
Is 13841 composite?
False
Is 19031 prime?
True
Is 232889 composite?
True
Is 617189 prime?
True
Is 2963 prime?
True
Is 99607 a prime number?
True
Is 29917 prime?
True
Is 2579 a composite number?
False
Is 213 composite?
True
Is 72337 a composite number?
False
Is 59999 a composite number?
False
Is 299 prime?
False
Is 1009417 a composite number?
False
Is 48907 composite?
False
Is 302981 a prime number?
False
Is 13033 a prime number?
True
Is 309 a prime number?
False
Is 113327 a composite number?
False
Is 4201 a composite number?
False
Is 17647 composite?
True
Is 553 composite?
True
Is 3611 a composite number?
True
Is 3127 a composite number?
True
Is 15578 prime?
False
Is 9109 prime?
True
Is 1173743 a composite number?
False
Is 18899 prime?
True
Is 26905 prime?
False
Is 12557 prime?
False
Is 15815 composite?
True
Is 109333 prime?
False
Is 1140611 composite?
False
Is 524497 a prime number?
True
Is 29293 prime?
False
Is 44017 a composite number?
False
Is 259289 a prime number?
False
Is 59435 a composite number?
True
Is 75605 prime?
False
Is 39029 prime?
False
Is 47891 composite?
True
Is 573203 a composite number?
True
Is 17377 a prime number?
True
Is 312593 a composite number?
True
Is 2579 a prime number?
True
Is 41491 a prime number?
True
Is 365291 composite?
False
Is 18079 a prime number?
False
Is 1461073 a composite number?
False
Is 59195 a prime number?
False
Is 382 prime?
False
Is 54781 a prime number?
False
Is 21929 composite?
False
Is 12047 composite?
True
Is 5219 prime?
False
Is 838681 prime?
False
Is 14251 composite?
False
Is 3683 composite?
True
Is 11761 composite?
True
Is 576287 a composite number?
False
Is 694313 prime?
True
Is 187 composite?
True
Is 63449 a prime number?
False
Is 6621 composite?
True
Is 1738783 a prime number?
True
Is 515803 a composite number?
False
Is 559 composite?
True
Is 1438 composite?
True
Is 14923 a prime number?
True
Is 34199 a composite number?
True
Is 37187 prime?
False
Is 49673 a composite number?
True
Is 7433 composite?
False
Is 5196583 a composite number?
True
Is 62255 a prime number?
False
Is 145081 a prime number?
False
Is 15049 prime?
False
Is 2435417 a prime number?
True
Is 605621 prime?
False
Is 524387 prime?
True
Is 2815 a prime number?
False
Is 56999 a composite number?
False
Is 6609 prime?
False
Is 34197 composite?
True
Is 975049 prime?
True
Is 126829 composite?
True
Is 72901 a composite number?
False
Is 23719 prime?
True
Is 1477651 composite?
True
Is 6449 a prime number?
True
Is 167822 prime?
False
Is 65015 composite?
True
Is 243887 a composite number?
True
Is 13523 a composite number?
False
Is 9033 a prime number?
False
Is 357169 composite?
False
Is 127951 a prime number?
True
Is 1672697 prime?
False
Is 1025095 prime?
False
Is 3589 prime?
False
Is 89605 composite?
True
Is 165461 composite?
True
Is 152321 a composite number?
True
Is 832582 composite?
True
Is 5261 composite?
False
Is 5036937 a prime number?
False
Is 1529647 a composite number?
True
Is 953707 composite?
False
Is 2036051 composite?
False
Is 260137 composite?
False
Is 1865 prime?
False
Is 148627 composite?
False
Is 102481 a composite number?
False
Is 1644653 a composite number?
False
Is 3078967 composite?
False
Is 211271 prime?
True
Is 2032123 a composite number?
True
Is 45659 a prime number?
True
Is 3629 a composite number?
True
Is 64793 a prime number?
True
Is 355 a composite number?
True
Is 795343 prime?
True
Is 587767 a composite number?
True
Is 6542455 composite?
True
Is 11015 a composite number?
True
Is 187031 a prime number?
False
Is 16097 composite?
False
Is 21779 prime?
False
Is 2292567 composite?
True
Is 1432217 prime?
True
Is 13153 prime?
False
Is 129365 a prime number?
False
Is 231041 prime?
True
Is 9049 prime?
True
Is 12247 prime?
False
Is 2246 prime?
False
Is 46399 a prime number?
True
Is 704135 prime?
False
Is 259271 prime?
True
Is 2323 a composite number?
True
Is 26293 prime?
True
Is 131861 prime?
True
Is 1619 a composite number?
False
Is 14243 composite?
False
Is 172411 composite?
False
Is 70351 a prime number?
True
Is 3386 a prime number?
False
Is 578881 a prime number?
True
Is 111697 a prime number?
True
Is 21 prime?
False
Is 31007 composite?
True
Is 6469 prime?
True
Is 23159 prime?
True
Is 114547 prime?
True
Is 12097 a composite number?
False
Is 21263 a composite number?
True
Is 32093 a prime number?
False
Is 362909 prime?
False
Is 154291 composite?
False
Is 2321 a prime number?
False
Is 311143 a composite number?
True
Is 18227 prime?
False
Is 138926 prime?
False
Is 4139 a prime number?
True
Is 40081 composite?
True
Is 8191 a prime number?
True
Is 117163 a prime number?
True
Is 8131 composite?
True
Is 23347 a prime number?
False
Is 32353 a composite number?
False
Is 45863 a composite number?
False
Is 10451213 composite?
False
Is 4439 prime?
False
Is 1951021 a prime number?
False
Is 10063 a composite number?
True
Is 43879 composite?
True
Is 12827 a prime number?
False
Is 222823 a prime number?
True
Is 31793 a composite number?
False
Is 59647 a prime number?
False
Is 22367 a prime number?
True
Is 93511 a prime number?
False
Is 44686 prime?
False
Is 278413 composite?
False
Is 209443 a composite number?
True
Is 117235 a prime number?
False
Is 2809 a prime number?
False
Is 499417 prime?
False
Is 11738 a composite number?
True
Is 682657 prime?
True
Is 140863 a composite number?
False
Is 5989 a composite number?
True
Is 1185281 prime?
True
Is 49597 a prime number?
True
Is 59461 a composite number?
True
Is 854017 a composite number?
False
Is 66245 a prime number?
False
Is 2459 composite?
False
Is 75817 a prime number?
False
Is 23549 a composite number?
False
Is 1651 a composite number?
True
Is 17129 a prime number?
False
Is 11303 a prime number?
False
Is 315717 composite?
True
Is 2482167 composite?
True
Is 32003 a composite number?
False
Is 133873 composite?
False
Is 334205 a composite number?
True
Is 1769 prime?
False
Is 21551 a prime number?
False
Is 2252903 a prime number?
False
Is 17273 a prime number?
False
Is 30959 composite?
True
Is 42089 a composite number?
False
Is 589177 a prime number?
False
Is 2833 composite?
False
Is 13001 composite?
False
Is 9413 prime?
True
Is 54701 a composite number?
True
Is 99887 a composite number?
True
Is 261809 a composite number?
True
Is 11777 a prime number?
True
Is 3551 prime?
False
Is 45209 composite?
True
Is 27503 a prime number?
False
Is 14293 composite?
False
Is 318161 prime?
True
Is 2879 a prime number?
True
Is 62401 a prime number?
True
Is 563123 composite?
True
Is 228829 a composite number?
False
Is 188827 composite?
False
Is 5469 a prime number?
False
Is 719633 a composite number?
False
Is 2856079 a prime number?
True
Is 245129 a prime number?
True
Is 6637 a prime number?
True
Is 1171543 a composite number?
True
Is 324823 a composite number?
True
Is 22487 a composite number?
True
Is 10817 prime?
False
Is 1061 a prime number?
True
Is 3983 a prime number?
False
Is 2605 a composite number?
True
Is 1841 a composite number?
True
Is 233 composite?
False
Is 44747 a composite number?
True
Is 895927 composite?
False
Is 44501 composite?
False
Is 3261 composite?
True
Is 971311 a composite number?
True
Is 151469 composite?
True
Is 1062887 a prime number?
False
Is 45061 prime?
True
Is 2179 a prime number?
True
Is 18091 composite?
True
Is 10237 composite?
True
Is 63419 a composite number?
False
Is 4474 composite?
True
Is 290417 a composite number?
True
Is 93683 prime?
True
Is 8263 a composite number?
False
Is 310627 composite?
False
Is 37211 prime?
False
Is 273613 prime?
True
Is 25537 a prime number?
True
Is 26141 a composite number?
False
Is 115301 prime?
True
Is 65662 a prime number?
False
Is 9599 a composite number?
True
Is 12655 a prime number?
False
Is 907 composite?
False
Is 67385 a composite number?
True
Is 28481 a prime number?
False
Is 1361803 a composite number?
False
Is 1949 prime?
True
Is 57257 a prime number?
False
Is 35515 a prime number?
False
Is 8347 prime?
False
Is 282029 a 